{"id":48,"date":"2026-02-05T03:07:36","date_gmt":"2026-02-05T03:07:36","guid":{"rendered":"https:\/\/neopoliza.com\/blog\/?page_id=48"},"modified":"2026-02-05T03:26:26","modified_gmt":"2026-02-05T03:26:26","slug":"panel-de-control-de-polizas","status":"publish","type":"page","link":"https:\/\/neopoliza.com\/blog\/panel-de-control-de-polizas\/","title":{"rendered":"Panel de gesti\u00f3n de p\u00f3lizas"},"content":{"rendered":"\n<p>NeoPoliza es una plataforma de gesti\u00f3n de p\u00f3lizas de seguros creada para que tengas control completo de tu informaci\u00f3n en todo momento. Desde un panel centralizado podr\u00e1s revisar f\u00e1cilmente el n\u00famero de p\u00f3lizas vigentes, detectar aquellas que est\u00e1n por vencer en las pr\u00f3ximas 24 horas, una semana o un mes, y consultar tus p\u00f3lizas organizadas por ramo: autos, da\u00f1os, salud y vida.<\/p>\n\n\n\n<h3 class=\"wp-block-heading\">Organizaci\u00f3n y monitoreo de p\u00f3lizas<\/h3>\n\n\n\n<p>Con esta soluci\u00f3n, llevar el seguimiento de tus seguros es simple y eficiente. Podr\u00e1s administrar tus clientes, consultar fechas de expiraci\u00f3n, aseguradoras y datos de contacto de forma ordenada y sin procesos complicados. Este sistema de seguros en l\u00ednea te ayuda a prevenir descuidos, retrasos en renovaciones y a ofrecer un servicio m\u00e1s profesional a tus asegurados.<\/p>\n\n\n\n<h3 class=\"wp-block-heading\">Plataforma segura para agentes, asegurados y empresas<\/h3>\n\n\n\n<p>Dise\u00f1ada con un entorno moderno, intuitivo y seguro, NeoPoliza es una herramienta confiable para la administraci\u00f3n de p\u00f3lizas, que optimiza la toma de decisiones y eleva la calidad en la atenci\u00f3n al cliente.<\/p>\n\n\n\n<figure class=\"wp-block-embed is-type-video is-provider-youtube wp-block-embed-youtube wp-embed-aspect-16-9 wp-has-aspect-ratio\"><div class=\"wp-block-embed__wrapper\">\n<iframe title=\"Bienvenido a NeoP\u00f3liza, el sistema inteligente que transforma la gesti\u00f3n de p\u00f3lizas de seguros. \ud83d\udcca\" width=\"500\" height=\"281\" src=\"https:\/\/www.youtube.com\/embed\/-10q8h1TpQk?feature=oembed\" frameborder=\"0\" allow=\"accelerometer; autoplay; clipboard-write; encrypted-media; gyroscope; picture-in-picture; web-share\" referrerpolicy=\"strict-origin-when-cross-origin\" allowfullscreen><\/iframe>\n<\/div><\/figure>\n\n\n\n<p><\/p>\n\n\n\n<figure class=\"wp-block-embed is-type-video is-provider-youtube wp-block-embed-youtube wp-embed-aspect-16-9 wp-has-aspect-ratio\"><div class=\"wp-block-embed__wrapper\">\n<iframe title=\"Bienvenido a NeoP\u00f3liza, el sistema dise\u00f1ado para llevar tu gesti\u00f3n de seguros al siguiente nivel.\" width=\"500\" height=\"281\" src=\"https:\/\/www.youtube.com\/embed\/cZyhzE1SgIY?feature=oembed\" frameborder=\"0\" allow=\"accelerometer; autoplay; clipboard-write; encrypted-media; gyroscope; picture-in-picture; web-share\" referrerpolicy=\"strict-origin-when-cross-origin\" allowfullscreen><\/iframe>\n<\/div><\/figure>\n\n\n\n<p><\/p>\n","protected":false},"excerpt":{"rendered":"<p>NeoPoliza es una plataforma de gesti\u00f3n de p\u00f3lizas de seguros creada para que tengas control completo de tu informaci\u00f3n en [&hellip;]<\/p>\n","protected":false},"author":1,"featured_media":0,"parent":0,"menu_order":0,"comment_status":"closed","ping_status":"closed","template":"","meta":{"site-sidebar-layout":"default","site-content-layout":"","ast-site-content-layout":"default","site-content-style":"default","site-sidebar-style":"default","ast-global-header-display":"","ast-banner-title-visibility":"","ast-main-header-display":"","ast-hfb-above-header-display":"","ast-hfb-below-header-display":"","ast-hfb-mobile-header-display":"","site-post-title":"","ast-breadcrumbs-content":"","ast-featured-img":"","footer-sml-layout":"","ast-disable-related-posts":"","theme-transparent-header-meta":"","adv-header-id-meta":"","stick-header-meta":"","header-above-stick-meta":"","header-main-stick-meta":"","header-below-stick-meta":"","astra-migrate-meta-layouts":"default","ast-page-background-enabled":"default","ast-page-background-meta":{"desktop":{"background-color":"var(--ast-global-color-5)","background-image":"","background-repeat":"repeat","background-position":"center center","background-size":"auto","background-attachment":"scroll","background-type":"","background-media":"","overlay-type":"","overlay-color":"","overlay-opacity":"","overlay-gradient":""},"tablet":{"background-color":"","background-image":"","background-repeat":"repeat","background-position":"center center","background-size":"auto","background-attachment":"scroll","background-type":"","background-media":"","overlay-type":"","overlay-color":"","overlay-opacity":"","overlay-gradient":""},"mobile":{"background-color":"","background-image":"","background-repeat":"repeat","background-position":"center center","background-size":"auto","background-attachment":"scroll","background-type":"","background-media":"","overlay-type":"","overlay-color":"","overlay-opacity":"","overlay-gradient":""}},"ast-content-background-meta":{"desktop":{"background-color":"var(--ast-global-color-4)","background-image":"","background-repeat":"repeat","background-position":"center center","background-size":"auto","background-attachment":"scroll","background-type":"","background-media":"","overlay-type":"","overlay-color":"","overlay-opacity":"","overlay-gradient":""},"tablet":{"background-color":"var(--ast-global-color-4)","background-image":"","background-repeat":"repeat","background-position":"center center","background-size":"auto","background-attachment":"scroll","background-type":"","background-media":"","overlay-type":"","overlay-color":"","overlay-opacity":"","overlay-gradient":""},"mobile":{"background-color":"var(--ast-global-color-4)","background-image":"","background-repeat":"repeat","background-position":"center center","background-size":"auto","background-attachment":"scroll","background-type":"","background-media":"","overlay-type":"","overlay-color":"","overlay-opacity":"","overlay-gradient":""}},"footnotes":""},"class_list":["post-48","page","type-page","status-publish","hentry"],"yoast_head":"<!-- This site is optimized with the Yoast SEO plugin v26.9 - https:\/\/yoast.com\/product\/yoast-seo-wordpress\/ -->\n<title>Panel de gesti\u00f3n de p\u00f3lizas - NEOPOLIZA<\/title>\n<meta name=\"robots\" content=\"index, follow, max-snippet:-1, max-image-preview:large, max-video-preview:-1\" \/>\n<link rel=\"canonical\" href=\"https:\/\/neopoliza.com\/blog\/panel-de-control-de-polizas\/\" \/>\n<meta property=\"og:locale\" content=\"en_US\" \/>\n<meta property=\"og:type\" content=\"article\" \/>\n<meta property=\"og:title\" content=\"Panel de gesti\u00f3n de p\u00f3lizas - NEOPOLIZA\" \/>\n<meta property=\"og:description\" content=\"NeoPoliza es una plataforma de gesti\u00f3n de p\u00f3lizas de seguros creada para que tengas control completo de tu informaci\u00f3n en [&hellip;]\" \/>\n<meta property=\"og:url\" content=\"https:\/\/neopoliza.com\/blog\/panel-de-control-de-polizas\/\" \/>\n<meta property=\"og:site_name\" content=\"NEOPOLIZA\" \/>\n<meta property=\"article:modified_time\" content=\"2026-02-05T03:26:26+00:00\" \/>\n<meta name=\"twitter:card\" content=\"summary_large_image\" \/>\n<meta name=\"twitter:label1\" content=\"Est. reading time\" \/>\n\t<meta name=\"twitter:data1\" content=\"1 minute\" \/>\n<script type=\"application\/ld+json\" class=\"yoast-schema-graph\">{\"@context\":\"https:\/\/schema.org\",\"@graph\":[{\"@type\":\"WebPage\",\"@id\":\"https:\/\/neopoliza.com\/blog\/panel-de-control-de-polizas\/\",\"url\":\"https:\/\/neopoliza.com\/blog\/panel-de-control-de-polizas\/\",\"name\":\"Panel de gesti\u00f3n de p\u00f3lizas - NEOPOLIZA\",\"isPartOf\":{\"@id\":\"https:\/\/neopoliza.com\/blog\/#website\"},\"datePublished\":\"2026-02-05T03:07:36+00:00\",\"dateModified\":\"2026-02-05T03:26:26+00:00\",\"breadcrumb\":{\"@id\":\"https:\/\/neopoliza.com\/blog\/panel-de-control-de-polizas\/#breadcrumb\"},\"inLanguage\":\"en-US\",\"potentialAction\":[{\"@type\":\"ReadAction\",\"target\":[\"https:\/\/neopoliza.com\/blog\/panel-de-control-de-polizas\/\"]}]},{\"@type\":\"BreadcrumbList\",\"@id\":\"https:\/\/neopoliza.com\/blog\/panel-de-control-de-polizas\/#breadcrumb\",\"itemListElement\":[{\"@type\":\"ListItem\",\"position\":1,\"name\":\"Home\",\"item\":\"https:\/\/neopoliza.com\/blog\/\"},{\"@type\":\"ListItem\",\"position\":2,\"name\":\"Panel de gesti\u00f3n de p\u00f3lizas\"}]},{\"@type\":\"WebSite\",\"@id\":\"https:\/\/neopoliza.com\/blog\/#website\",\"url\":\"https:\/\/neopoliza.com\/blog\/\",\"name\":\"NEOPOLIZA\",\"description\":\"Gesti\u00f3n de p\u00f3lizas y recordatorios para agentes de seguros\",\"publisher\":{\"@id\":\"https:\/\/neopoliza.com\/blog\/#organization\"},\"potentialAction\":[{\"@type\":\"SearchAction\",\"target\":{\"@type\":\"EntryPoint\",\"urlTemplate\":\"https:\/\/neopoliza.com\/blog\/?s={search_term_string}\"},\"query-input\":{\"@type\":\"PropertyValueSpecification\",\"valueRequired\":true,\"valueName\":\"search_term_string\"}}],\"inLanguage\":\"en-US\"},{\"@type\":\"Organization\",\"@id\":\"https:\/\/neopoliza.com\/blog\/#organization\",\"name\":\"NEOPOLIZA\",\"url\":\"https:\/\/neopoliza.com\/blog\/\",\"logo\":{\"@type\":\"ImageObject\",\"inLanguage\":\"en-US\",\"@id\":\"https:\/\/neopoliza.com\/blog\/#\/schema\/logo\/image\/\",\"url\":\"https:\/\/neopoliza.com\/blog\/wp-content\/uploads\/2026\/02\/cropped-neopoliza-05-scaled-1.png\",\"contentUrl\":\"https:\/\/neopoliza.com\/blog\/wp-content\/uploads\/2026\/02\/cropped-neopoliza-05-scaled-1.png\",\"width\":818,\"height\":598,\"caption\":\"NEOPOLIZA\"},\"image\":{\"@id\":\"https:\/\/neopoliza.com\/blog\/#\/schema\/logo\/image\/\"}}]}<\/script>\n<!-- \/ Yoast SEO plugin. -->","yoast_head_json":{"title":"Panel de gesti\u00f3n de p\u00f3lizas - NEOPOLIZA","robots":{"index":"index","follow":"follow","max-snippet":"max-snippet:-1","max-image-preview":"max-image-preview:large","max-video-preview":"max-video-preview:-1"},"canonical":"https:\/\/neopoliza.com\/blog\/panel-de-control-de-polizas\/","og_locale":"en_US","og_type":"article","og_title":"Panel de gesti\u00f3n de p\u00f3lizas - NEOPOLIZA","og_description":"NeoPoliza es una plataforma de gesti\u00f3n de p\u00f3lizas de seguros creada para que tengas control completo de tu informaci\u00f3n en [&hellip;]","og_url":"https:\/\/neopoliza.com\/blog\/panel-de-control-de-polizas\/","og_site_name":"NEOPOLIZA","article_modified_time":"2026-02-05T03:26:26+00:00","twitter_card":"summary_large_image","twitter_misc":{"Est. reading time":"1 minute"},"schema":{"@context":"https:\/\/schema.org","@graph":[{"@type":"WebPage","@id":"https:\/\/neopoliza.com\/blog\/panel-de-control-de-polizas\/","url":"https:\/\/neopoliza.com\/blog\/panel-de-control-de-polizas\/","name":"Panel de gesti\u00f3n de p\u00f3lizas - NEOPOLIZA","isPartOf":{"@id":"https:\/\/neopoliza.com\/blog\/#website"},"datePublished":"2026-02-05T03:07:36+00:00","dateModified":"2026-02-05T03:26:26+00:00","breadcrumb":{"@id":"https:\/\/neopoliza.com\/blog\/panel-de-control-de-polizas\/#breadcrumb"},"inLanguage":"en-US","potentialAction":[{"@type":"ReadAction","target":["https:\/\/neopoliza.com\/blog\/panel-de-control-de-polizas\/"]}]},{"@type":"BreadcrumbList","@id":"https:\/\/neopoliza.com\/blog\/panel-de-control-de-polizas\/#breadcrumb","itemListElement":[{"@type":"ListItem","position":1,"name":"Home","item":"https:\/\/neopoliza.com\/blog\/"},{"@type":"ListItem","position":2,"name":"Panel de gesti\u00f3n de p\u00f3lizas"}]},{"@type":"WebSite","@id":"https:\/\/neopoliza.com\/blog\/#website","url":"https:\/\/neopoliza.com\/blog\/","name":"NEOPOLIZA","description":"Gesti\u00f3n de p\u00f3lizas y recordatorios para agentes de seguros","publisher":{"@id":"https:\/\/neopoliza.com\/blog\/#organization"},"potentialAction":[{"@type":"SearchAction","target":{"@type":"EntryPoint","urlTemplate":"https:\/\/neopoliza.com\/blog\/?s={search_term_string}"},"query-input":{"@type":"PropertyValueSpecification","valueRequired":true,"valueName":"search_term_string"}}],"inLanguage":"en-US"},{"@type":"Organization","@id":"https:\/\/neopoliza.com\/blog\/#organization","name":"NEOPOLIZA","url":"https:\/\/neopoliza.com\/blog\/","logo":{"@type":"ImageObject","inLanguage":"en-US","@id":"https:\/\/neopoliza.com\/blog\/#\/schema\/logo\/image\/","url":"https:\/\/neopoliza.com\/blog\/wp-content\/uploads\/2026\/02\/cropped-neopoliza-05-scaled-1.png","contentUrl":"https:\/\/neopoliza.com\/blog\/wp-content\/uploads\/2026\/02\/cropped-neopoliza-05-scaled-1.png","width":818,"height":598,"caption":"NEOPOLIZA"},"image":{"@id":"https:\/\/neopoliza.com\/blog\/#\/schema\/logo\/image\/"}}]}},"_hostinger_reach_plugin_has_subscription_block":false,"_hostinger_reach_plugin_is_elementor":false,"_links":{"self":[{"href":"https:\/\/neopoliza.com\/blog\/wp-json\/wp\/v2\/pages\/48","targetHints":{"allow":["GET"]}}],"collection":[{"href":"https:\/\/neopoliza.com\/blog\/wp-json\/wp\/v2\/pages"}],"about":[{"href":"https:\/\/neopoliza.com\/blog\/wp-json\/wp\/v2\/types\/page"}],"author":[{"embeddable":true,"href":"https:\/\/neopoliza.com\/blog\/wp-json\/wp\/v2\/users\/1"}],"replies":[{"embeddable":true,"href":"https:\/\/neopoliza.com\/blog\/wp-json\/wp\/v2\/comments?post=48"}],"version-history":[{"count":6,"href":"https:\/\/neopoliza.com\/blog\/wp-json\/wp\/v2\/pages\/48\/revisions"}],"predecessor-version":[{"id":70,"href":"https:\/\/neopoliza.com\/blog\/wp-json\/wp\/v2\/pages\/48\/revisions\/70"}],"wp:attachment":[{"href":"https:\/\/neopoliza.com\/blog\/wp-json\/wp\/v2\/media?parent=48"}],"curies":[{"name":"wp","href":"https:\/\/api.w.org\/{rel}","templated":true}]}}