{"id":76,"date":"2026-02-05T03:32:05","date_gmt":"2026-02-05T03:32:05","guid":{"rendered":"https:\/\/neopoliza.com\/blog\/?page_id=76"},"modified":"2026-02-05T03:32:56","modified_gmt":"2026-02-05T03:32:56","slug":"notificaciones-y-seguimiento-de-polizas-vigentes","status":"publish","type":"page","link":"https:\/\/neopoliza.com\/blog\/notificaciones-y-seguimiento-de-polizas-vigentes\/","title":{"rendered":"Notificaciones y seguimiento de p\u00f3lizas vigentes"},"content":{"rendered":"\n<p>La secci\u00f3n Listado de notificaciones te permite visualizar en un solo lugar todas las p\u00f3lizas vigentes junto con los recordatorios programados, facilitando el control de vencimientos y un seguimiento continuo de tus seguros.<\/p>\n\n\n\n<h3 class=\"wp-block-heading\">Control de vencimientos y pagos<\/h3>\n\n\n\n<p>Este listado muestra informaci\u00f3n relevante como la fecha de vencimiento de la p\u00f3liza, fechas de pago, datos del cliente y la aseguradora correspondiente, lo que permite una mejor organizaci\u00f3n de la cartera de seguros y una planificaci\u00f3n oportuna de las renovaciones.<\/p>\n\n\n\n<h3 class=\"wp-block-heading\">Alertas y recordatorios configurables<\/h3>\n\n\n\n<p>Adem\u00e1s de las p\u00f3lizas activas, la secci\u00f3n integra los recordatorios personalizados, garantizando una gesti\u00f3n preventiva. NeoPoliza env\u00eda notificaciones anticipadas para que siempre tengas presentes las fechas y actividades importantes.<\/p>\n\n\n\n<h3 class=\"wp-block-heading\">Panel unificado y confiable<\/h3>\n\n\n\n<p>El Listado de notificaciones transforma informaci\u00f3n dispersa en un panel intuitivo y f\u00e1cil de usar, optimizando la administraci\u00f3n de seguros, reduciendo tiempos de gesti\u00f3n y mejorando la atenci\u00f3n al cliente.<\/p>\n\n\n\n<figure class=\"wp-block-embed is-type-video is-provider-youtube wp-block-embed-youtube wp-embed-aspect-16-9 wp-has-aspect-ratio\"><div class=\"wp-block-embed__wrapper\">\n<iframe title=\"\ud83d\udd14 NeoP\u00f3liza | Aprende a visualizar notificaciones de forma detallada y domina tu sistema\" width=\"500\" height=\"281\" src=\"https:\/\/www.youtube.com\/embed\/tgP6KpH0wII?feature=oembed\" frameborder=\"0\" allow=\"accelerometer; autoplay; clipboard-write; encrypted-media; gyroscope; picture-in-picture; web-share\" referrerpolicy=\"strict-origin-when-cross-origin\" allowfullscreen><\/iframe>\n<\/div><\/figure>\n","protected":false},"excerpt":{"rendered":"<p>La secci\u00f3n Listado de notificaciones te permite visualizar en un solo lugar todas las p\u00f3lizas vigentes junto con los recordatorios [&hellip;]<\/p>\n","protected":false},"author":1,"featured_media":0,"parent":0,"menu_order":0,"comment_status":"closed","ping_status":"closed","template":"","meta":{"site-sidebar-layout":"default","site-content-layout":"","ast-site-content-layout":"default","site-content-style":"default","site-sidebar-style":"default","ast-global-header-display":"","ast-banner-title-visibility":"","ast-main-header-display":"","ast-hfb-above-header-display":"","ast-hfb-below-header-display":"","ast-hfb-mobile-header-display":"","site-post-title":"","ast-breadcrumbs-content":"","ast-featured-img":"","footer-sml-layout":"","ast-disable-related-posts":"","theme-transparent-header-meta":"","adv-header-id-meta":"","stick-header-meta":"","header-above-stick-meta":"","header-main-stick-meta":"","header-below-stick-meta":"","astra-migrate-meta-layouts":"default","ast-page-background-enabled":"default","ast-page-background-meta":{"desktop":{"background-color":"var(--ast-global-color-5)","background-image":"","background-repeat":"repeat","background-position":"center center","background-size":"auto","background-attachment":"scroll","background-type":"","background-media":"","overlay-type":"","overlay-color":"","overlay-opacity":"","overlay-gradient":""},"tablet":{"background-color":"","background-image":"","background-repeat":"repeat","background-position":"center center","background-size":"auto","background-attachment":"scroll","background-type":"","background-media":"","overlay-type":"","overlay-color":"","overlay-opacity":"","overlay-gradient":""},"mobile":{"background-color":"","background-image":"","background-repeat":"repeat","background-position":"center center","background-size":"auto","background-attachment":"scroll","background-type":"","background-media":"","overlay-type":"","overlay-color":"","overlay-opacity":"","overlay-gradient":""}},"ast-content-background-meta":{"desktop":{"background-color":"var(--ast-global-color-4)","background-image":"","background-repeat":"repeat","background-position":"center center","background-size":"auto","background-attachment":"scroll","background-type":"","background-media":"","overlay-type":"","overlay-color":"","overlay-opacity":"","overlay-gradient":""},"tablet":{"background-color":"var(--ast-global-color-4)","background-image":"","background-repeat":"repeat","background-position":"center center","background-size":"auto","background-attachment":"scroll","background-type":"","background-media":"","overlay-type":"","overlay-color":"","overlay-opacity":"","overlay-gradient":""},"mobile":{"background-color":"var(--ast-global-color-4)","background-image":"","background-repeat":"repeat","background-position":"center center","background-size":"auto","background-attachment":"scroll","background-type":"","background-media":"","overlay-type":"","overlay-color":"","overlay-opacity":"","overlay-gradient":""}},"footnotes":""},"class_list":["post-76","page","type-page","status-publish","hentry"],"yoast_head":"<!-- This site is optimized with the Yoast SEO plugin v26.9 - https:\/\/yoast.com\/product\/yoast-seo-wordpress\/ -->\n<title>Notificaciones y seguimiento de p\u00f3lizas vigentes - NEOPOLIZA<\/title>\n<meta name=\"robots\" content=\"index, follow, max-snippet:-1, max-image-preview:large, max-video-preview:-1\" \/>\n<link rel=\"canonical\" href=\"https:\/\/neopoliza.com\/blog\/notificaciones-y-seguimiento-de-polizas-vigentes\/\" \/>\n<meta property=\"og:locale\" content=\"en_US\" \/>\n<meta property=\"og:type\" content=\"article\" \/>\n<meta property=\"og:title\" content=\"Notificaciones y seguimiento de p\u00f3lizas vigentes - NEOPOLIZA\" \/>\n<meta property=\"og:description\" content=\"La secci\u00f3n Listado de notificaciones te permite visualizar en un solo lugar todas las p\u00f3lizas vigentes junto con los recordatorios [&hellip;]\" \/>\n<meta property=\"og:url\" content=\"https:\/\/neopoliza.com\/blog\/notificaciones-y-seguimiento-de-polizas-vigentes\/\" \/>\n<meta property=\"og:site_name\" content=\"NEOPOLIZA\" \/>\n<meta property=\"article:modified_time\" content=\"2026-02-05T03:32:56+00:00\" \/>\n<meta name=\"twitter:card\" content=\"summary_large_image\" \/>\n<meta name=\"twitter:label1\" content=\"Est. reading time\" \/>\n\t<meta name=\"twitter:data1\" content=\"1 minute\" \/>\n<script type=\"application\/ld+json\" class=\"yoast-schema-graph\">{\"@context\":\"https:\/\/schema.org\",\"@graph\":[{\"@type\":\"WebPage\",\"@id\":\"https:\/\/neopoliza.com\/blog\/notificaciones-y-seguimiento-de-polizas-vigentes\/\",\"url\":\"https:\/\/neopoliza.com\/blog\/notificaciones-y-seguimiento-de-polizas-vigentes\/\",\"name\":\"Notificaciones y seguimiento de p\u00f3lizas vigentes - NEOPOLIZA\",\"isPartOf\":{\"@id\":\"https:\/\/neopoliza.com\/blog\/#website\"},\"datePublished\":\"2026-02-05T03:32:05+00:00\",\"dateModified\":\"2026-02-05T03:32:56+00:00\",\"breadcrumb\":{\"@id\":\"https:\/\/neopoliza.com\/blog\/notificaciones-y-seguimiento-de-polizas-vigentes\/#breadcrumb\"},\"inLanguage\":\"en-US\",\"potentialAction\":[{\"@type\":\"ReadAction\",\"target\":[\"https:\/\/neopoliza.com\/blog\/notificaciones-y-seguimiento-de-polizas-vigentes\/\"]}]},{\"@type\":\"BreadcrumbList\",\"@id\":\"https:\/\/neopoliza.com\/blog\/notificaciones-y-seguimiento-de-polizas-vigentes\/#breadcrumb\",\"itemListElement\":[{\"@type\":\"ListItem\",\"position\":1,\"name\":\"Home\",\"item\":\"https:\/\/neopoliza.com\/blog\/\"},{\"@type\":\"ListItem\",\"position\":2,\"name\":\"Notificaciones y seguimiento de p\u00f3lizas vigentes\"}]},{\"@type\":\"WebSite\",\"@id\":\"https:\/\/neopoliza.com\/blog\/#website\",\"url\":\"https:\/\/neopoliza.com\/blog\/\",\"name\":\"NEOPOLIZA\",\"description\":\"Gesti\u00f3n de p\u00f3lizas y recordatorios para agentes de seguros\",\"publisher\":{\"@id\":\"https:\/\/neopoliza.com\/blog\/#organization\"},\"potentialAction\":[{\"@type\":\"SearchAction\",\"target\":{\"@type\":\"EntryPoint\",\"urlTemplate\":\"https:\/\/neopoliza.com\/blog\/?s={search_term_string}\"},\"query-input\":{\"@type\":\"PropertyValueSpecification\",\"valueRequired\":true,\"valueName\":\"search_term_string\"}}],\"inLanguage\":\"en-US\"},{\"@type\":\"Organization\",\"@id\":\"https:\/\/neopoliza.com\/blog\/#organization\",\"name\":\"NEOPOLIZA\",\"url\":\"https:\/\/neopoliza.com\/blog\/\",\"logo\":{\"@type\":\"ImageObject\",\"inLanguage\":\"en-US\",\"@id\":\"https:\/\/neopoliza.com\/blog\/#\/schema\/logo\/image\/\",\"url\":\"https:\/\/neopoliza.com\/blog\/wp-content\/uploads\/2026\/02\/cropped-neopoliza-05-scaled-1.png\",\"contentUrl\":\"https:\/\/neopoliza.com\/blog\/wp-content\/uploads\/2026\/02\/cropped-neopoliza-05-scaled-1.png\",\"width\":818,\"height\":598,\"caption\":\"NEOPOLIZA\"},\"image\":{\"@id\":\"https:\/\/neopoliza.com\/blog\/#\/schema\/logo\/image\/\"}}]}<\/script>\n<!-- \/ Yoast SEO plugin. -->","yoast_head_json":{"title":"Notificaciones y seguimiento de p\u00f3lizas vigentes - NEOPOLIZA","robots":{"index":"index","follow":"follow","max-snippet":"max-snippet:-1","max-image-preview":"max-image-preview:large","max-video-preview":"max-video-preview:-1"},"canonical":"https:\/\/neopoliza.com\/blog\/notificaciones-y-seguimiento-de-polizas-vigentes\/","og_locale":"en_US","og_type":"article","og_title":"Notificaciones y seguimiento de p\u00f3lizas vigentes - NEOPOLIZA","og_description":"La secci\u00f3n Listado de notificaciones te permite visualizar en un solo lugar todas las p\u00f3lizas vigentes junto con los recordatorios [&hellip;]","og_url":"https:\/\/neopoliza.com\/blog\/notificaciones-y-seguimiento-de-polizas-vigentes\/","og_site_name":"NEOPOLIZA","article_modified_time":"2026-02-05T03:32:56+00:00","twitter_card":"summary_large_image","twitter_misc":{"Est. reading time":"1 minute"},"schema":{"@context":"https:\/\/schema.org","@graph":[{"@type":"WebPage","@id":"https:\/\/neopoliza.com\/blog\/notificaciones-y-seguimiento-de-polizas-vigentes\/","url":"https:\/\/neopoliza.com\/blog\/notificaciones-y-seguimiento-de-polizas-vigentes\/","name":"Notificaciones y seguimiento de p\u00f3lizas vigentes - NEOPOLIZA","isPartOf":{"@id":"https:\/\/neopoliza.com\/blog\/#website"},"datePublished":"2026-02-05T03:32:05+00:00","dateModified":"2026-02-05T03:32:56+00:00","breadcrumb":{"@id":"https:\/\/neopoliza.com\/blog\/notificaciones-y-seguimiento-de-polizas-vigentes\/#breadcrumb"},"inLanguage":"en-US","potentialAction":[{"@type":"ReadAction","target":["https:\/\/neopoliza.com\/blog\/notificaciones-y-seguimiento-de-polizas-vigentes\/"]}]},{"@type":"BreadcrumbList","@id":"https:\/\/neopoliza.com\/blog\/notificaciones-y-seguimiento-de-polizas-vigentes\/#breadcrumb","itemListElement":[{"@type":"ListItem","position":1,"name":"Home","item":"https:\/\/neopoliza.com\/blog\/"},{"@type":"ListItem","position":2,"name":"Notificaciones y seguimiento de p\u00f3lizas vigentes"}]},{"@type":"WebSite","@id":"https:\/\/neopoliza.com\/blog\/#website","url":"https:\/\/neopoliza.com\/blog\/","name":"NEOPOLIZA","description":"Gesti\u00f3n de p\u00f3lizas y recordatorios para agentes de seguros","publisher":{"@id":"https:\/\/neopoliza.com\/blog\/#organization"},"potentialAction":[{"@type":"SearchAction","target":{"@type":"EntryPoint","urlTemplate":"https:\/\/neopoliza.com\/blog\/?s={search_term_string}"},"query-input":{"@type":"PropertyValueSpecification","valueRequired":true,"valueName":"search_term_string"}}],"inLanguage":"en-US"},{"@type":"Organization","@id":"https:\/\/neopoliza.com\/blog\/#organization","name":"NEOPOLIZA","url":"https:\/\/neopoliza.com\/blog\/","logo":{"@type":"ImageObject","inLanguage":"en-US","@id":"https:\/\/neopoliza.com\/blog\/#\/schema\/logo\/image\/","url":"https:\/\/neopoliza.com\/blog\/wp-content\/uploads\/2026\/02\/cropped-neopoliza-05-scaled-1.png","contentUrl":"https:\/\/neopoliza.com\/blog\/wp-content\/uploads\/2026\/02\/cropped-neopoliza-05-scaled-1.png","width":818,"height":598,"caption":"NEOPOLIZA"},"image":{"@id":"https:\/\/neopoliza.com\/blog\/#\/schema\/logo\/image\/"}}]}},"_hostinger_reach_plugin_has_subscription_block":false,"_hostinger_reach_plugin_is_elementor":false,"_links":{"self":[{"href":"https:\/\/neopoliza.com\/blog\/wp-json\/wp\/v2\/pages\/76","targetHints":{"allow":["GET"]}}],"collection":[{"href":"https:\/\/neopoliza.com\/blog\/wp-json\/wp\/v2\/pages"}],"about":[{"href":"https:\/\/neopoliza.com\/blog\/wp-json\/wp\/v2\/types\/page"}],"author":[{"embeddable":true,"href":"https:\/\/neopoliza.com\/blog\/wp-json\/wp\/v2\/users\/1"}],"replies":[{"embeddable":true,"href":"https:\/\/neopoliza.com\/blog\/wp-json\/wp\/v2\/comments?post=76"}],"version-history":[{"count":2,"href":"https:\/\/neopoliza.com\/blog\/wp-json\/wp\/v2\/pages\/76\/revisions"}],"predecessor-version":[{"id":80,"href":"https:\/\/neopoliza.com\/blog\/wp-json\/wp\/v2\/pages\/76\/revisions\/80"}],"wp:attachment":[{"href":"https:\/\/neopoliza.com\/blog\/wp-json\/wp\/v2\/media?parent=76"}],"curies":[{"name":"wp","href":"https:\/\/api.w.org\/{rel}","templated":true}]}}